nd 208.
52
Let a = 52 - 44. Suppose a*l = -0*l + 904. Suppose j + l = 4*y, -5*j = 3*y - 4*j - 76. Calculate the highest common divisor of 3 and y.
3
Let m(v) = -1050*v + 507. Let g be m(-2). Calculate the highest common divisor of g and 33.
33
Suppose 38 = 14*n + 10. Suppose -g + 5*g - 200 = -n*z, 0 = 3*z + 4*g - 300. Calculate the highest common factor of 1600 and z.
100
Let u = -3284 - -1384. Let v be (u/(-40))/((-2)/(-4)). Calculate the greatest common divisor of 57 and v.
19
Let p(m) = -6*m - 74. Let s be p(23). Let a = -164 - s. Calculate the greatest common factor of a and 168.
24
Let d be (-36)/(0 - 3/2). Suppose 4*x = 5*g + x - 11, 0 = 2*x - 6. Let r be (-25)/50*-9*g/6. Calculate the greatest common factor of r and d.
3
Let q(g) = -g**2 + 89*g + 832. Let r be q(74). What is the greatest common factor of r and 2?
2
Suppose 0 = f - 2, 5*f + 48 + 41 = 3*g. What is the greatest common factor of 7953 and g?
33
Let h(a) = -a**3 - a**2 - 2. Let v be h(-3). Let l = -208746 - -208762. Calculate the greatest common divisor of v and l.
16
Suppose 4*j - q - 143 = 44, 0 = 4*j - 5*q - 199. Let s(z) = 10*z + 1. Let d be s(1). Let y = 34 - d. Calculate the greatest common factor of j and y.
23
Suppose -2*b + 4*u = -796, -64*b + 67*b - 4*u - 1204 = 0. What is the greatest common divisor of 1785 and b?
51
Suppose 0 = 854*d - 581*d - 6825. Suppose 25 - 5900 = -5*v. What is the greatest common divisor of d and v?
25
Suppose 0 = 2*o - o - 46. Let q be 2210/(-12) + (-1)/(-6). Let y be q/(-20)*-15*(-3)/18. Calculate the highest common factor of y and o.
23
Let f be 9*(-15)/(-180)*(3 + 1) + 5. Calculate the greatest common factor of 60184 and f.
8
Let c(x) = -x**3 - 22*x**2 + 23*x - 6. Let t be c(-23). Let j be (-10 - t)/(-1 + 0) + -2. Let f be j/4*4*28. What is the highest common factor of 42 and f?
14
Let x(i) = 330*i - 3892. Let g be x(12). Calculate the highest common factor of g and 48.
4
Let k be -24*((-15)/6 - -2). Suppose -685*h + 348*h = -355*h + 15336. Calculate the highest common divisor of k and h.
12
Suppose 0 = 49*g + 61*g + 18*g - 8960. What is the greatest common factor of 6125 and g?
35
Suppose 5662*j = 5661*j + 4270. Calculate the highest common divisor of 14 and j.
14
Let q be 6 + 60/(-20)*(-222)/9. What is the highest common divisor of 8080 and q?
80
Suppose 45*h - 625749 = 82973 + 762373. Calculate the highest common factor of 51 and h.
51
Suppose -161*m = -1553881 - 272342. What is the greatest common divisor of 57 and m?
57
Let u = -1292 - -1296. Suppose -12 - 8 = -q. What is the highest common divisor of u and q?
4
Let g be (-8)/(-10)*(-3831)/(-12) - 24/60. What is the greatest common factor of 1173 and g?
51
Suppose -40263 - 11792 - 11134 = -177*k. Calculate the greatest common divisor of 2261 and k.
119
Suppose -165649 + 33409 = -8*l - 232*l. Let d be 2/9 + 518/18. Calculate the highest common divisor of d and l.
29
Let i = 183 + -16. Let o = -111 + i. Calculate the greatest common factor of 252 and o.
28
Let y(z) = z**2. Let p be y(1). Suppose -7*a - 73 = -388. Suppose 2*l = 7*l - a. What is the greatest common divisor of p and l?
1
Let s be 85/(-5) + -1*(-1 + -1). Let y be (3/(s/(-16)))/(28/140). Let g = 388 - 212. What is the greatest common divisor of g and y?
16
Let z = -4 + 13. Let g = 201 - 201. Suppose -6*u + 70 - 34 = g. Calculate the greatest common factor of u and z.
3
Let b = -16262 + 16337. Calculate the highest common divisor of b and 555.
15
Let n be (-4 + (-10680)/(-18))*-1*27/(-6). Calculate the highest common factor of n and 170.
34
Let z = 28 + -29. Let j(y) = 17*y. Let f be j(z). Let i be f/(-2) - (-10)/20. Calculate the greatest common divisor of 27 and i.
9
Let a be (-3*(-2)/(-4))/(2468/(-176) - -14). Calculate the greatest common divisor of 506 and a.
22
Suppose 13*h - 96 = 11*h. Calculate the highest common factor of h and 32.
16
Let h be (-5)/(15/9) - -47. Suppose 9*f - 332 = -h. Let w(m) = -43*m - 13. Let l be w(-7). What is the greatest common factor of f and l?
32
Let d(n) = 212*n**2 - 275*n + 2985. Let f be d(12). What is the greatest common divisor of f and 81?
81
Suppose -12*t - 363 = -459. Let b be (-1)/4 + (-10)/(-8). Let h be 4 + 2/(-1) - b. Calculate the highest common divisor of t and h.
1
Suppose -66 = 5*g - k - 1270, -4*g + 3*k = -972. Let t(p) = -p**3 + p**2 - 2*p - 1. Let d be t(-2). What is the greatest common divisor of g and d?
15
Suppose 55*i = 53*i + 24. Let u be (-6)/i*(0 + 3 + -43). Calculate the highest common divisor of u and 180.
20
Suppose 1611 = -9*s - 0*s. Let q = 185 + s. Calculate the greatest common divisor of q and 6.
6
Let l(f) = 59*f**2 + 3*f + 160. Let q be l(11). Calculate the greatest common factor of 78 and q.
78
Suppose -3*x = -6*h + 3*h + 6, 10 = h - 3*x. Suppose 0 = 3*i - 24 + 6. Let b be (1 + i)*h/(-2). What is the greatest common factor of b and 7?
7
Let a(n) = -n**3 + 34*n**2 - 21*n + 172. Let t be a(32). Calculate the highest common divisor of t and 144.
36
Let i(j) = -j**3 - 25*j**2 - j + 7. Let s be i(-25). Suppose 4*n - 5*n = -d - 19, -s = -2*n - d. Calculate the greatest common divisor of 221 and n.
17
Let r = -666 - -668. Suppose -3*c + 4*l = r*c - 276, -256 = -5*c - l. Calculate the highest common factor of 39 and c.
13
Let q be 3 - 1/((-2)/(-4)). Let v be -3 - 1*(0 + -2)*4. Suppose 2*m + 32 = 4*x + 10, v*x - m - 20 = 0. What is the highest common divisor of x and q?
1
Let x(q) = 2*q**3 + 6*q**2. Let p be x(-3). Suppose 2*a = 2 + 34. Let n = a - p. Calculate the greatest common factor of 27 and n.
9
Let o be 400 + (-2 + 4)*(-2)/4. Suppose -35 - 143 = -4*k + 5*p, 4*k + 5*p - 158 = 0. What is the greatest common divisor of o and k?
21
Let v be (-21)/(4 - 10/2) + 4. Suppose 225 = 5*j - v. Let r = 40 - 20. Calculate the highest common factor of j and r.
10
Let g = -22 - -33. Let u = 175 - 97. Suppose u + 538 = 8*r. What is the greatest common factor of r and g?
11
Let z(t) = t**3 + t**2 + 160. Let a be z(0). Let w = 45 + -54. Let u be (96/w)/((-1)/3). Calculate the greatest common divisor of u and a.
32
Let s(x) = -8*x**3 - 7*x**2 + 17*x + 95. Let n be s(-4). Suppose -z = -5*i - 119, 3*z - 5*i - n = -4*i. Calculate the highest common factor of 112 and z.
16
Suppose 3*c = 2*u + 1, -2*c = -3*u + 7*u - 22. Suppose 0 = s + 5, 124 = 2*f - c*s - 107. What is the greatest common factor of f and 12?
12
Let p = -295 + 298. Suppose h = 2, -27*y = -22*y - p*h - 724. Calculate the highest common divisor of y and 219.
73
Suppose 0 = -2*o + 5*b + 1516, -13*b = 4*o - 16*b - 3004. Calculate the highest common factor of o and 3179.
187
Suppose 2*t - 6*t + 1161 = -3*z, 0 = 4*z + 12. Suppose -48*v - 78*v + 2976 = -2*v. Calculate the highest common factor of t and v.
24
Let t(c) = -c**3 + 10*c**2 + 12*c - 25. Let k be t(-5). Calculate the highest common divisor of 80 and k.
10
Let a = -394 - -396. Suppose -a*r + 209 = -11. What is the highest common factor of 55 and r?
55
Let u = 235 - 18. Let k = -7 + u. What is the greatest common factor of 42 and k?
42
Suppose -5*l = -5*r + 7520, 36*r - 7520 = 31*r + 2*l. What is the highest common divisor of r and 48?
16
Suppose 46*s - 53*s = -35. Suppose -s*q - 8 = -3*q, -4*q - 1160 = -2*h. Calculate the greatest common factor of h and 44.
44
Let h = 137 - 205. Let b = h + 72. Suppose 2*c + 2*c = 2*r + 22, -5*r + 33 = c. Calculate the highest common divisor of b and c.
4
Let i = 29 + -203. Let n = 405 + i. What is the greatest common factor of n and 21?
21
Let y be ((-2)/(-6))/((6/1476)/1). Let q be ((-11)/(-22))/((-2)/(-164)). What is the greatest common factor of y and q?
41
Let q be ((-7276)/1020 - (8/15)/(-4))*-1. What is the greatest common divisor of 9786 and q?
7
Suppose 5*r - 7*c + 8*c = 828, -r - 3*c + 160 = 0. Let l = r - 149. What is the greatest common divisor of 221 and l?
17
Let u = -20 + 35. Let m = -64 + 108. Let b = m - -31. Calculate the highest common factor of u and b.
15
Let y be (12 + -167)*(-3 - (-6 - -4)). Calculate the greatest common divisor of y and 15.
5
Let x = 4791 + -3985. Calculate the greatest common divisor of x and 496.
62
Let c(w) = 2*w + 74. Let h be c(0). Let t = -251 - -366. Suppose 4*x = -3*z + t, -5*x = -3*z - x + 107. Calculate the highest common divisor of h and z.
37
Let p be (-78)/(-6) - (5 + -2